s the hundreds digit of 18257002?
0
What is the hundred millions digit of 115251883?
1
What is the hundred millions digit of 7288011983?
2
What is the ten thousands digit of 266779997?
7
What is the hundred millions digit of 746999794?
7
What is the units digit of 98800357?
7
What is the millions digit of 620432079?
0
What is the hundreds digit of 93654974?
9
What is the ten millions digit of 30889619?
3
What is the ten millions digit of 505111751?
0
What is the thousands digit of 567079278?
9
What is the millions digit of 83399184?
3
What is the ten thousands digit of 18043679?
4
What is the thousands digit of 641344627?
4
What is the thousands digit of 862727231?
7
What is the hundreds digit of 250353161?
1
What is the ten millions digit of 45355401?
4
What is the tens digit of 86645800?
0
What is the ten thousands digit of 383298856?
9
What is the ten millions digit of 766746933?
6
What is the tens digit of 29781610?
1
What is the hundred millions digit of 3046067676?
0
What is the hundred millions digit of 311235066?
3
What is the tens digit of 260199733?
3
What is the hundred millions digit of 1124131142?
1
What is the ten millions digit of 48858189?
4
What is the millions digit of 359797143?
9
What is the hundred thousands digit of 188557243?
5
What is the hundred thousands digit of 159570202?
5
What is the hundred thousands digit of 146401451?
4
What is the ten thousands digit of 60792138?
9
What is the ten thousands digit of 4359680973?
8
What is the ten thousands digit of 2773892516?
9
What is the billions digit of 4935064741?
4
What is the thousands digit of 650833305?
3
What is the hundreds digit of 5601762?
7
What is the units digit of 6311655?
5
What is the ten millions digit of 11764282?
1
What is the ten thousands digit of 278392331?
9
What is the hundred millions digit of 156620775?
1
What is the units digit of 817236361?
1
What is the thousands digit of 56721527?
1
What is the hundreds digit of 3424580830?
8
What is the hundreds digit of 677449781?
7
What is the millions digit of 8014509495?
4
What is the ten millions digit of 37931682?
3
What is the ten thousands digit of 1429128400?
2
What is the hundreds digit of 182586577?
5
What is the hundred thousands digit of 462470845?
4
What is the tens digit of 133812052?
5
What is the units digit of 256255554?
4
What is the millions digit of 6115617?
6
What is the millions digit of 3207773368?
7
What is the hundreds digit of 203198079?
0
What is the hundreds digit of 72144112?
1
What is the tens digit of 100123984?
8
What is the millions digit of 2500451173?
0
What is the millions digit of 181253481?
1
What is the tens digit of 84648699?
9
What is the hundreds digit of 63261366?
3
What is the ten thousands digit of 622217363?
1
What is the thousands digit of 482057225?
7
What is the hundred millions digit of 7048120499?
0
What is the hundreds digit of 43987859?
8
What is the hundreds digit of 4047281922?
9
What is the ten thousands digit of 785334503?
3
What is the ten millions digit of 976679308?
7
What is the millions digit of 2139082278?
9
What is the tens digit of 830594438?
3
What is the ten millions digit of 10356128?
1
What is the thousands digit of 476859854?
9
What is the thousands digit of 482896766?
6
What is the hundred thousands digit of 7823174321?
1
What is the ten millions digit of 6537275422?
3
What is the hundred thousands digit of 2831010435?
0
What is the hundreds digit of 5886475?
4
What is the units digit of 4355342662?
2
What is the thousands digit of 212825053?
5
What is the hundred thousands digit of 3450103548?
1
What is the ten millions digit of 1313639044?
1
What is the thousands digit of 9358535511?
5
What is the hundreds digit of 426636788?
7
What is the units digit of 2374553025?
5
What is the hundreds digit of 2435258?
2
What is the units digit of 70696902?
2
What is the hundreds digit of 310019737?
7
What is the hundred thousands digit of 44213228?
2
What is the tens digit of 29273977?
7
What is the thousands digit of 3238671092?
1
What is the hundreds digit of 715951244?
2
What is the ten thousands digit of 362777447?
7
What is the units digit of 60284905?
5
What is the hundred millions digit of 1711826338?
7
What is the hundred millions digit of 1352268106?
3
What is the tens digit of 53887023?
2
What is the billions digit of 1728357899?
1
What is the units digit of 67544249?
9
What is the hundred millions digit of 2008642727?
0
What is the hundred thousands digit of 68650190?
6
What is the ten millions digit of 1036368396?
3
What is the hundreds digit of 222364304?
3
What is the hundreds digit of 5210995402?
4
What is the billions digit of 7028024433?
7
What is the units digit of 1281691615?
5
What is the hundreds digit of 53183504?
5
What is the tens digit of 15990845?
4
What is the ten millions digit of 2703102219?
0
What is the hundreds digit of 342077662?
6
What is the billions digit of 3461526226?
3
What is the hundred thousands digit of 1996168575?
1
What is the ten millions digit of 100058801?
0
What is the thousands digit of 141749108?
9
What is the hundred thousands digit of 545424871?
4
What is the thousands digit of 661784702?
4
What is the hundred millions digit of 5499726477?
4
What is the units digit of 5156607547?
7
What is the ten millions digit of 130246896?
3
What is the millions digit of 27544675?
7
What is the hundred millions digit of 123098001?
1
What is the millions digit of 86261474?
6
What is the hundred millions digit of 111570913?
1
What is the units digit of 1519710085?
5
What is the millions digit of 251288072?
1
What is the hundred millions digit of 275556450?
2
What is the hundred millions digit of 1376477822?
3
What is the ten millions digit of 3278481566?
7
What is the hundreds digit of 1611891?
8
What is the thousands digit of 1380550510?
0
What is the billions digit of 5692908740?
5
What is the ten thousands digit of 438784891?
8
What is the billions digit of 2257414967?
2
What is the millions digit of 90631511?
0
What is the units digit of 110728475?
5
What is the tens digit of 1070142619?
1
What is the hundred thousands digit of 4921876587?
8
What is the thousands digit of 500872778?
2
What is the ten millions digit of 427785091?
2
What is the millions digit of 4081345448?
1
What is the hundred thousands digit of 68734448?
7
What is the ten millions digit of 14334201?
1
What is the hundred thousands digit of 148214591?
2
What is the tens digit of 32419089?
8
What is the tens digit of 99607285?
8
What is the thousands digit of 836777155?
7
What is the ten millions digit of 2673572852?
7
What is the billions digit of 3917909225?
3
What is the units digit of 56580515?
5
What is the tens digit of 2695170320?
2
What is the units digit of 2432722561?
1
What is the ten thousands digit of 2333822019?
2
What is the ten millions digit of 9059643629?
5
What is the tens digit of 1190216689?
8
What is the hundred millions digit of 192888765?
1
What is the ten millions digit of 127338641?
2
What is the tens digit of 5001545250?
5
What is the thousands digit of 2277035?
7
What is the hundred thousands digit of 63696231?
6
What is the thousands digit of 17992111?
2
What is the hundreds digit of 517799490?
4
What is the ten thousands digit of 215256681?
5
What is the ten millions digit of 592129576?
9
What is the hundred thousands digit of 38226029?
2
What is the ten thousands digit of 154373936?
7
What is the tens digit of 108695297?
9
What is the hundred thousands digit of 18878694?
8
What is the millions digit of 1253139655?
3
What is the millions digit of 371440802?
1
What is the thousands digit of 31286412?
6
What is the thousands digit of 157333254?
3
What is the thousands digit of 73207297?
7
What is the tens digit of 157064642?
4
What is the millions digit of 283729977?
3
What is the ten millions digit of 3638831348?
3
What is the ten thousands digit of 28954624?
5
What is the millions digit of 2259077312?
9
What is the millions digit of 201439467?
1
What is the units digit of 1267123986?
6
What is the hundreds digit of 228156633?
6
What is the hundred millions digit of 4184169396?
1
What is the hundreds digit of 3782458618?
6
What is the ten thousands digit of 34373543?
7
What is the hundreds digit of 216359672?
